6760280?
6
What is the units digit of 3666781?
1
What is the thousands digit of 1717973?
7
What is the hundreds digit of 8119228?
2
What is the thousands digit of 16010281?
0
What is the hundred thousands digit of 183844?
1
What is the tens digit of 340111?
1
What is the millions digit of 34122456?
4
What is the tens digit of 9143?
4
What is the hundreds digit of 146561?
5
What is the hundreds digit of 8230745?
7
What is the hundreds digit of 10583014?
0
What is the units digit of 2105224?
4
What is the units digit of 2754897?
7
What is the hundreds digit of 328335?
3
What is the hundreds digit of 43073?
0
What is the hundred thousands digit of 5384238?
3
What is the tens digit of 4350875?
7
What is the ten thousands digit of 831819?
3
What is the ten thousands digit of 95815?
9
What is the hundred thousands digit of 16341844?
3
What is the ten thousands digit of 3199231?
9
What is the hundreds digit of 402677?
6
What is the millions digit of 6425585?
6
What is the hundred thousands digit of 500941?
5
What is the thousands digit of 59144?
9
What is the thousands digit of 26299716?
9
What is the hundred thousands digit of 475838?
4
What is the thousands digit of 6646103?
6
What is the ten thousands digit of 4970732?
7
What is the hundred thousands digit of 122974?
1
What is the tens digit of 198484?
8
What is the hundreds digit of 18779?
7
What is the hundred thousands digit of 159346?
1
What is the millions digit of 6526667?
6
What is the hundreds digit of 675183?
1
What is the units digit of 10811553?
3
What is the thousands digit of 119511?
9
What is the millions digit of 9538146?
9
What is the ten thousands digit of 1494467?
9
What is the thousands digit of 782850?
2
What is the ten thousands digit of 10229213?
2
What is the hundreds digit of 247805?
8
What is the tens digit of 943695?
9
What is the units digit of 2005097?
7
What is the hundreds digit of 461665?
6
What is the tens digit of 754138?
3
What is the thousands digit of 552571?
2
What is the hundreds digit of 37104?
1
What is the tens digit of 184700?
0
What is the thousands digit of 2689082?
9
What is the tens digit of 4767174?
7
What is the millions digit of 7786890?
7
What is the tens digit of 1091959?
5
What is the tens digit of 1285118?
1
What is the units digit of 11168735?
5
What is the units digit of 157760?
0
What is the hundreds digit of 247435?
4
What is the hundreds digit of 148346?
3
What is the millions digit of 16437242?
6
What is the hundred thousands digit of 717525?
7
What is the ten thousands digit of 143784?
4
What is the units digit of 145612?
2
What is the thousands digit of 120621?
0
What is the thousands digit of 15543192?
3
What is the ten thousands digit of 1000982?
0
What is the tens digit of 6167345?
4
What is the hundred thousands digit of 4813664?
8
What is the units digit of 3706999?
9
What is the thousands digit of 2413130?
3
What is the ten thousands digit of 75107?
7
What is the tens digit of 967771?
7
What is the units digit of 101743?
3
What is the thousands digit of 657019?
7
What is the hundred thousands digit of 1813953?
8
What is the hundred thousands digit of 510052?
5
What is the units digit of 701341?
1
What is the thousands digit of 2231900?
1
What is the hundreds digit of 12948712?
7
What is the hundred thousands digit of 395068?
3
What is the thousands digit of 3317795?
7
What is the thousands digit of 699637?
9
What is the hundreds digit of 8740797?
7
What is the hundred thousands digit of 2695458?
6
What is the ten thousands digit of 136804?
3
What is the thousands digit of 46098?
6
What is the units digit of 370710?
0
What is the hundreds digit of 738798?
7
What is the hundred thousands digit of 1911963?
9
What is the hundreds digit of 59507?
5
What is the units digit of 2820494?
4
What is the hundreds digit of 158860?
8
What is the units digit of 170845?
5
What is the hundreds digit of 231087?
0
What is the tens digit of 611482?
8
What is the ten thousands digit of 4482911?
8
What is the tens digit of 35035?
3
What is the hundred thousands digit of 23062270?
0
What is the units digit of 16608639?
9
What is the ten thousands digit of 960767?
6
What is the ten thousands digit of 232919?
3
What is the millions digit of 21564153?
1
What is the units digit of 8680196?
6
What is the ten thousands digit of 162087?
6
What is the millions digit of 1345165?
1
What is the hundred thousands digit of 511451?
5
What is the ten thousands digit of 2147071?
4
What is the ten thousands digit of 3967694?
6
What is the hundreds digit of 11377455?
4
What is the ten thousands digit of 191208?
9
What is the ten thousands digit of 502074?
0
What is the units digit of 144872?
2
What is the millions digit of 1786279?
1
What is the units digit of 1978409?
9
What is the ten thousands digit of 493715?
9
What is the hundreds digit of 5302070?
0
What is the thousands digit of 4730520?
0
What is the ten thousands digit of 205916?
0
What is the ten thousands digit of 3851451?
5
What is the hundreds digit of 7263994?
9
What is the thousands digit of 32594450?
4
What is the hundred thousands digit of 437824?
4
What is the millions digit of 5618796?
5
What is the ten thousands digit of 9067804?
6
What is the ten millions digit of 36476608?
3
What is the thousands digit of 893246?
3
What is the hundred thousands digit of 1669941?
6
What is the millions digit of 3259887?
3
What is the units digit of 680843?
3
What is the hundreds digit of 627181?
1
What is the ten thousands digit of 5544217?
4
What is the units digit of 3002021?
1
What is the units digit of 35556?
6
What is the hundred thousands digit of 1501369?
5
What is the thousands digit of 1010317?
0
What is the ten thousands digit of 459523?
5
What is the thousands digit of 15460419?
0
What is the ten thousands digit of 1436641?
3
What is the thousands digit of 2375573?
5
What is the tens digit of 2879024?
2
What is the hundreds digit of 990690?
6
What is the hundreds digit of 23940544?
5
What is the hundred thousands digit of 994792?
9
What is the hundred thousands digit of 985918?
9
What is the hundreds digit of 80844?
8
What is the ten thousands digit of 2449977?
4
What is the hundreds digit of 2967287?
2
What is the ten thousands digit of 226146?
2
What is the ten thousands digit of 276833?
7
What is the tens digit of 4294051?
5
What is the thousands digit of 2951347?
1
What is the ten thousands digit of 301883?
0
What is the units digit of 53276?
6
What is the ten millions digit of 40691565?
4
What is the thousands digit of 26969?
6
What is the units digit of 69577?
7
What is the hundreds digit of 1194365?
3
What is the thousands digit of 401816?
1
What is the hundreds digit of 13063670?
6
What is the hundred thousands digit of 1044405?
0
What is the thousands digit of 771818?
1
What is the thousands digit of 9960626?
0
What is the hundreds digit of 1952193?
1
What is the hundreds digit of 275359?
3
What is the thousands digit of 661322?
1
What is the units digit of 1085059?
9
What is the ten millions digit of 22170780?
2
What is the units digit of 1099447?
7
What is the tens digit of 36718715?
1
What is the thousands digit of 4383837?
3
What is the ten millions digit of 17508719?
1
What is the units digit of 2188277?
7
What is the thousands digit of 9942952?
2
What is the tens digit of 1850622?
2
What is the hundred thousands digit of 5878937?
8
What is the hundred thousands digit of 578438?
5
What is the millions digit of 3194986?
3
What is the ten thousands digit of 16340?
1
What is the ten thousands digit of 234885?
3
What is the ten thousands digit of 116775?
1
What is the units digit of 1185222?
2
What is the tens digit of 2376400?
0
What is the thousands digit of 25928?
5
What is the hundreds digit of 4893812?
8
What is the tens digit of 8316828?
2
What is the hundred thousands digit of 153744?
1
What is the tens digit of 175187?
8
What is the thousands digit of 3101538?
1
What is the hundreds digit of 202161?
1
What is the ten thousands digit of 622661?
2
What is the ten thousands digit of 772107?
7
What is the ten thousands digit of 107321?
0
What is the millions digit of 1485822?
1
What is the tens digit of 180927?
2
What is the ten thousands digit of 1444109?
4
What is the millions digit of 